{"id":138,"date":"2025-02-04T16:29:42","date_gmt":"2025-02-04T15:29:42","guid":{"rendered":"https:\/\/highfivesmc.fr\/?page_id=138"},"modified":"2025-02-09T21:41:42","modified_gmt":"2025-02-09T20:41:42","slug":"transparence","status":"publish","type":"page","link":"https:\/\/highfivesmc.fr\/index.php\/transparence\/","title":{"rendered":"Transparence | High Five SMC CBD SHOP"},"content":{"rendered":"\n<p>Chez <strong>High Five SMC<\/strong>, nous nous engageons \u00e0 vous offrir des produits de qualit\u00e9 tout en respectant scrupuleusement la r\u00e9glementation. Toutes nos fleurs et r\u00e9sines vendues au gramme sont pes\u00e9es avec une <strong>balance homologu\u00e9e et \u00e9talonn\u00e9e annuellement<\/strong>, conform\u00e9ment aux normes et lois en vigueur sur la vente au d\u00e9tail. Cette exigence garantit <strong>pr\u00e9cision, \u00e9quit\u00e9 et transparence<\/strong> \u00e0 chaque achat.<br><br>De plus, <strong>tous nos produits sont certifi\u00e9s et poss\u00e8dent des analyses disponibles publiquement<\/strong>, assurant ainsi une totale transparence sur leur composition et leur conformit\u00e9.<br><\/p>\n\n\n\n<p>Votre satisfaction et votre confiance sont notre priorit\u00e9 ! \ud83c\udf3f\u2696\ufe0f<\/p>\n","protected":false},"excerpt":{"rendered":"<p>Chez High Five SMC, nous nous engageons \u00e0 vous offrir des produits de qualit\u00e9 tout en respectant scrupuleusement la r\u00e9glementation. Toutes nos fleurs et r\u00e9sines vendues au gramme sont pes\u00e9es avec une balance homologu\u00e9e et \u00e9talonn\u00e9e annuellement, conform\u00e9ment aux normes et lois en vigueur sur la vente au d\u00e9tail. Cette exigence garantit pr\u00e9cision, \u00e9quit\u00e9 et &hellip; <\/p>\n<p class=\"link-more\"><a href=\"https:\/\/highfivesmc.fr\/index.php\/transparence\/\" class=\"more-link\">Continuer la lecture<span class=\"screen-reader-text\"> de &laquo;&nbsp;Transparence | High Five SMC CBD SHOP&nbsp;&raquo;<\/span><\/a><\/p>\n","protected":false},"author":1,"featured_media":146,"parent":0,"menu_order":0,"comment_status":"closed","ping_status":"closed","template":"","meta":{"footnotes":""},"class_list":["post-138","page","type-page","status-publish","has-post-thumbnail","hentry"],"_links":{"self":[{"href":"https:\/\/highfivesmc.fr\/index.php\/wp-json\/wp\/v2\/pages\/138","targetHints":{"allow":["GET"]}}],"collection":[{"href":"https:\/\/highfivesmc.fr\/index.php\/wp-json\/wp\/v2\/pages"}],"about":[{"href":"https:\/\/highfivesmc.fr\/index.php\/wp-json\/wp\/v2\/types\/page"}],"author":[{"embeddable":true,"href":"https:\/\/highfivesmc.fr\/index.php\/wp-json\/wp\/v2\/users\/1"}],"replies":[{"embeddable":true,"href":"https:\/\/highfivesmc.fr\/index.php\/wp-json\/wp\/v2\/comments?post=138"}],"version-history":[{"count":2,"href":"https:\/\/highfivesmc.fr\/index.php\/wp-json\/wp\/v2\/pages\/138\/revisions"}],"predecessor-version":[{"id":299,"href":"https:\/\/highfivesmc.fr\/index.php\/wp-json\/wp\/v2\/pages\/138\/revisions\/299"}],"wp:featuredmedia":[{"embeddable":true,"href":"https:\/\/highfivesmc.fr\/index.php\/wp-json\/wp\/v2\/media\/146"}],"wp:attachment":[{"href":"https:\/\/highfivesmc.fr\/index.php\/wp-json\/wp\/v2\/media?parent=138"}],"curies":[{"name":"wp","href":"https:\/\/api.w.org\/{rel}","templated":true}]}}